8 + (-7)/(21/6). What is the tens digit of (-178)/(-8) + (-9)/v?
2
Suppose -5*q - 124 - 86 = 0. Let r = q - -60. What is the tens digit of r?
1
Let b = 129 + -32. What is the tens digit of b?
9
Let j(q) = q**3 - q**2 + q + 4. Let g be j(0). Suppose 3 = g*p + 15. What is the units digit of (p - -1)/(4/(-14))?
7
Let p = -5 + 15. What is the tens digit of p?
1
Suppose -3*a = -2*a - 79. Suppose -2*t + 0*t = 5*v - a, -v - 211 = -5*t. What is the units digit of (-4)/10 + t/5?
8
Let q be (-6)/(-1)*(-1)/(-2). Suppose -s - 41 = -0*d - q*d, 35 = 5*d + 5*s. What is the units digit of d?
2
Let z(u) = 4*u**2 + 2*u. What is the units digit of z(1)?
6
Suppose 0 = -4*x + 8 - 0. Let w = -13 + 18. Suppose -y + w = x. What is the units digit of y?
3
Let v = 45 - 14. What is the units digit of v?
1
Let v = -55 + 59. What is the units digit of v?
4
Suppose r - 2*j = 75, 144 = 2*r - 0*j - j. Suppose -p - i = -4*p + r, 47 = p - 5*i. What is the tens digit of (p/4)/((-1)/(-2))?
1
Let u = -154 - -106. Let o = u + 68. What is the units digit of o?
0
Suppose -a - a = -n + 1, -5*n + 29 = -4*a. Let j = n - -18. What is the units digit of j?
7
Let c = 101 + -27. What is the units digit of c?
4
Let m(r) = r**3 + 7*r**2 + 7*r - 1. Let o be m(-6). Let j = o - -5. Let y = 7 + j. What is the units digit of y?
5
Let t be 136/36 - (-6)/27. Let n = 26 + t. What is the units digit of n?
0
What is the tens digit of 1 + 3 - (-200)/4?
5
Suppose 5*c = -8 - 2. Let b be c/(-2)*(2 - 0). Suppose b*k + 2*k - 48 = 0. What is the units digit of k?
2
Suppose -r + 4*r = 6. Suppose r*h + 2*h = 28. Suppose -h*c + 55 = -2*c. What is the units digit of c?
1
Let y(w) = w**2 - 12*w - 8. Let m be y(13). Let j(r) = -r**3 - 5 - 3*r + 2 - 4*r**2 + 2*r**3. What is the units digit of j(m)?
7
Let s = -25 - -18. What is the units digit of 2/(-1) - (-2 + s)?
7
Let q = 11 + -7. Suppose y + 4 = 0, 4*n + q*y - 2 = 18. What is the units digit of n?
9
Let i = 0 - 0. Suppose i = q - 4*q + 9. What is the units digit of q?
3
Let d = 176 + -123. What is the units digit of d?
3
Suppose 0 = -2*r + 4*c + 94, 25 = 2*c - 7*c. What is the units digit of r?
7
Let z(g) = -g + 1. Let q be z(0). Let c be 2 + (0 - -2)*q. Suppose -37 = -c*a - 9. What is the units digit of a?
7
Let k(w) = 18*w - 5. Let i be k(2). Suppose -u + i = -2*f, 7*f - 4*f - 9 = 0. What is the tens digit of u?
3
Let l(w) = 2*w**3 - 10*w**2 + 2*w - 23. What is the tens digit of l(7)?
8
Suppose 3*j - 36 - 12 = -2*r, -45 = -2*j + 3*r. What is the tens digit of j?
1
Let u be ((-11)/(-2))/((-5)/(-10)). Let y = -6 + u. What is the units digit of y?
5
Suppose -11*x + 15*x = 120. What is the units digit of x?
0
Let w(x) = -3*x + 2. Let g(s) = 4*s - 1. Let i(y) = -5*g(y) - 6*w(y). What is the units digit of i(-6)?
5
Suppose 3*v = -3*b + 552, 5*v = 2*v + 5*b + 560. What is the tens digit of v?
8
Let z(g) = -6*g - 2. What is the units digit of z(-5)?
8
Let u be (6/4)/((-12)/(-56)). Suppose -u*k + 172 = -3*k. Suppose 2*w - k = -5*v, -2*w + 15 = v - 0*w. What is the units digit of v?
7
Suppose 12 = -a - 4*p, -5*a - 5*p - 45 = -0*p. Let f = 11 + a. Suppose -f*b - 1 = -13. What is the units digit of b?
4
Let y be 54/15*5/2. Let g = -6 + y. What is the units digit of g?
3
Suppose 309 = v - 9. What is the hundreds digit of v?
3
Suppose -150 = -i - 4*i. Suppose -2 = 2*b - i. What is the tens digit of b?
1
Suppose n - 5*m = -0*n, 0 = -5*n + 2*m. Suppose -q - o + 15 = n, 2*o = 3*q - 13 - 7. What is the tens digit of q?
1
What is the tens digit of (-3896)/(-36) + (-2)/9?
0
Let y = -10 + 18. Suppose -r = 3*r + y. What is the units digit of ((-2)/1)/r - -7?
8
Suppose 5*m + 4 = d, 4*d = m + 17 - 1. Suppose -16 = -4*u - m. What is the units digit of u?
4
Suppose 3*r - 6 = 4*s, 2*r - 4 = 4*r. Let w(a) = -a - 1. Let d(k) = -9*k - 8. Let t(n) = 6*d(n) - 51*w(n). What is the tens digit of t(s)?
1
Let o be -3*44/(-6) + 1. Suppose r - 5 = -4, -5*r - o = -2*k. What is the tens digit of k?
1
Suppose 604 = 2*o + 2*o. What is the hundreds digit of o?
1
Suppose -1 = -4*a + 11. Suppose 0 = -3*s + a*v - 5*v + 103, 4*v = -s + 51. What is the units digit of s?
1
Suppose -11 = -3*x - 4*o, o + 3*o = -4*x + 8. What is the units digit of (12/x)/2 - -8?
6
Let f(d) = -d**2 - 5*d + 2. Suppose 3*r - 12 - 22 = -2*c, 4*c + 5*r = 64. Suppose -u + 7*n - 2*n = -c, 11 = -5*u + 3*n. What is the units digit of f(u)?
6
What is the units digit of (500/16)/(5/20)?
5
Let b(m) = -m + 14. Let x be -2 - -4*(2 - 0). What is the units digit of b(x)?
8
Suppose -4*n = -3*d - 508, 0*n - 4*d = 3*n - 381. What is the tens digit of n?
2
Suppose 19 + 11 = -5*w. Let b(o) = 5*o**2 - 3*o**2 - 1 - o**2 + 2*o + 0. What is the units digit of b(w)?
3
Let v be (1*-1)/((-5)/20). Suppose 5*x + 11 = -v. Let h = x - -8. What is the units digit of h?
5
Let f = -75 - -184. What is the hundreds digit of f?
1
Let g = -4 + 11. Suppose -52 = 3*w - g*w. What is the tens digit of w?
1
Suppose -2*c - 2 - 6 = 0. What is the units digit of 4/(-6)*(c + -23)?
8
Suppose -5*u + 3*t = -288, 3*t + 274 - 46 = 4*u. Suppose -4*a + u = 24. What is the units digit of a?
9
Suppose -5*s + 2*s - 5*w = -8, 0 = 3*s + 2*w - 5. Let x be s - (3 + (0 - 2)). Suppose 2*u - 8 = -x*u. What is the units digit of u?
4
Suppose 5*a - 183 = 4*a. Suppose -4*f - 5*q + a = 0, 5*f - 329 + 125 = 2*q. What is the tens digit of f?
4
Let c(i) = -i**2 - 6*i - 3. Let o be c(-5). Let s = 2 + o. What is the units digit of s?
4
Let k(m) = -3*m + 0*m + 5*m**3 - 4*m**3 + 3. Let z be k(2). Suppose z*i = 2*l - 1 + 10, 0 = -3*l - 6. What is the units digit of i?
1
Suppose 5*i - 86 - 4 = -j, 39 = 2*i + j. Let b = i + -7. What is the units digit of b?
0
Let o = 16 + -14. Suppose -3*w + 4*u = 2*w - 154, 2*u - 76 = -o*w. What is the units digit of w?
4
Suppose -r = -3*q, 2*q = 4*r + 11 - 1. What is the units digit of (r - -2) + -1 - -25?
3
Let y(t) = -t**3 + 7*t**2 - 4*t - 5. Let g be y(6). Suppose -g*o = -3*o - 4. Suppose 39 + o = 4*a. What is the units digit of a?
0
Suppose -5*m + 7 = -4*u, -2*m + 0 = -6. Suppose -u*b - 47 = -15. Let c = 25 + b. What is the units digit of c?
9
Suppose -n + 3 = -4. Let f = 2 - 6. Let j = f + n. What is the units digit of j?
3
Let g be 0/(-4 - 2/(-1)). Suppose 5*r = -g*r + 170. What is the units digit of r?
4
Suppose 0*a + 5*a - 289 = -3*v, -4*a = v - 234. What is the units digit of a?
9
Let g be -6 - (-2 + 0/2). Let p = g - -8. Suppose -24 = -p*c - 5*q + 3*q, -q = -2. What is the units digit of c?
5
Suppose 4*q + 28 = 3*a, -q + a - 16 = -2*a. Let f = 1 + q. Let p(w) = -w**3 - 3*w**2 - 2*w + 3. What is the units digit of p(f)?
9
Let u(n) = -2*n - 23. Let a(q) = q + 8. Let s(x) = 7*a(x) + 2*u(x). Let k be s(-10). What is the units digit of (-168)/k + (-4)/10?
8
Let r = 171 + -274. Let h = -73 - r. What is the units digit of h?
0
Let l(t) = -t**3 + 4*t**2 + 3*t - 4. Let x be l(5). Let p = 1 - 1. What is the units digit of (-1 + p)/(2/x)?
7
Let n(j) = -j**2 - 7*j - 7. Let c be n(-5). Let v = c + 2. Suppose -3*h = -22 - v. What is the units digit of h?
9
Let p be (-4 - -4) + 3/(-3). Let b = p - -12. What is the tens digit of b?
1
Suppose 0 = -3*k + 6*k - 12. Suppose 31 = 3*a + 4*z, z - k*z + 2 = -2*a. What is the units digit of a?
5
Let z(x) = x + 4. Suppose 5*r - 22 = 4*i, -2 = 5*i - 3*r + 19. What is the units digit of z(i)?
1
What is the tens digit of 4/12*223 - (-2)/(-6)?
7
Let x(w) be the second derivative of -w**5/5 - w**2/2 + 3*w. What is the units digit of x(-1)?
3
Let n(i) = -2*i - 5. Let t be n(-5). Suppose 6 = 3*v - 0*v. Suppose -3*f = -y - 4, -4*f + 3*y - t = -v. What is the units digit of f?
3
Let n(h) = -5*h + 2*h - h**2 - 23*h**3 + 4*h + 1. What is the units digit of n(-1)?
2
Let u = 6 - 4. Suppose -2*s = c - 20, 3*c = u*c - 5*s + 26. What is the tens digit of c?
1
Suppose -5*h + 20 = -0*h. Suppose 4*c - 1 = n - 13, -5*c + h*n - 26 = 0. What is the units digit of c/(-8) + (-19)/(-4)?
5
Let q(v) = -v**3 - 15*v**2 + 13. What is the tens digit of q(-15)?
1
Let o = -12 + 7. Let c(p) = -p**3 - 3*p**2 - 7. What is the tens digit of c(o)?
4
Suppose 3*s + s + 146 = 5*a, 5*a + 2*s - 152 = 0. What is the units digit of a?
0
Suppose 0 = -5*o + 86 + 19. Suppose p = 3*v - o, -4*v + 17 = 3*p + 2. What is the units digit of v?
6
Suppose -2*b + 94 - 4 = 0. What is the